{"id":86,"date":"2019-12-03T15:24:04","date_gmt":"2019-12-03T15:24:04","guid":{"rendered":"http:\/\/www.pamina-business.com\/?page_id=86"},"modified":"2025-03-26T16:46:03","modified_gmt":"2025-03-26T16:46:03","slug":"kontakt","status":"publish","type":"page","link":"https:\/\/www.pamina-business.com\/de\/kontakt\/","title":{"rendered":"Kontakt"},"content":{"rendered":"<p>&nbsp;<\/p>\n<p><a title=\"adira\" href=\"http:\/\/www.adira.com\" target=\"_blank\" rel=\"noopener noreferrer\">ADIRA<\/a><\/p>\n<p><strong>Jean-Michel Staerle<\/strong><\/p>\n<p>3, quai Kl\u00e9ber Immeuble&#8220;Le S\u00e9bastopol&#8220;<\/p>\n<p>F &#8211; 67000 Strasbourg<\/p>\n<p>T\u00e9l 33 + 3 88 52 82 81<\/p>\n<p><a href=\"ma&#105;&#108;&#116;&#x6f;&#x3a;&#x6a;&#x65;&#x61;n-&#109;&#105;&#99;&#x68;&#x65;&#x6c;&#x2e;&#x73;ta&#101;&#114;&#108;&#x65;&#x40;&#x61;&#x64;&#x69;ra&#46;&#99;&#111;&#x6d;\" target=\"_blank\" rel=\"noopener noreferrer\">&#x6a;&#101;a&#x6e;&#45;m&#x69;&#x63;&#104;&#x65;&#x6c;&#46;s&#x74;&#97;e&#x72;&#x6c;&#101;&#x40;&#x61;&#100;i&#x72;&#97;&#46;&#x63;&#x6f;&#109;<\/a><\/p>\n<p>&nbsp;<\/p>\n<p><a title=\"Wirtschaftsf\u00f6rderung Stadt Karlsruhe\" href=\"http:\/\/www.karlsruhe.de\" target=\"_blank\" rel=\"noopener noreferrer\">Wirtschaftsf\u00f6rderung Stadt Karlsruhe<\/a><\/p>\n<p><strong>Ralf Eichhorn<\/strong><\/p>\n<p>Z\u00e4hringerstr. 65 a<\/p>\n<p>D &#8211; 76133 Karlsruhe<\/p>\n<p>Tel 49 + 721 133 7340<\/p>\n<p><a href=\"ma&#105;&#108;&#x74;&#x6f;&#x3a;&#x72;al&#102;&#46;&#x65;&#x69;&#x63;&#x68;ho&#114;&#110;&#64;&#x77;&#x69;&#x66;&#x6f;e&#46;&#107;&#97;&#x72;&#x6c;&#x73;&#x72;uh&#101;&#46;&#x64;&#x65;\" target=\"_blank\" rel=\"noopener noreferrer\">&#114;&#x61;l&#102;&#x2e;&#101;&#x69;c&#104;&#x68;o&#x72;&#x6e;&#64;&#x77;i&#102;&#x6f;e&#x2e;&#x6b;&#97;&#x72;l&#115;&#x72;&#117;&#x68;e&#46;&#x64;e<\/a><\/p>\n<p>&nbsp;<\/p>\n<p><a href=\"http:\/\/www.landau.de\">Stadt Landau Wirtschaftsf\u00f6rderung<\/a><\/p>\n<p><strong>Marc Siener<\/strong><\/p>\n<p>Stadtverwaltung Landau in der Pfalz<\/p>\n<p>Marktstra\u00dfe 50<\/p>\n<p>76829 Landau in der Pfalz<\/p>\n<p>Tel.: (06341) 13-2404<\/p>\n<p>Fax: (06341) 13 -882002<\/p>\n<p><a href=\"&#109;&#x61;&#x69;l&#116;&#x6f;:&#109;&#x61;&#x72;c&#46;&#x73;i&#101;&#x6e;&#x65;r&#64;&#x6c;a&#110;&#x64;&#x61;&#117;&#46;&#x64;e\">&#x6d;&#x61;&#114;c&#x2e;&#x73;&#x69;&#101;n&#x65;&#x72;&#x40;&#108;a&#x6e;&#x64;&#x61;&#117;&#46;&#x64;&#x65;<\/a><\/p>\n<p><a href=\"http:\/\/www.landau.de\/\">http:\/\/www.landau.de<\/a><\/p>\n<p>&nbsp;<\/p>\n","protected":false},"excerpt":{"rendered":"<p>&nbsp; ADIRA Jean-Michel Staerle 3, quai Kl\u00e9ber Immeuble&#8220;Le S\u00e9bastopol&#8220; F &#8211; 67000 Strasbourg T\u00e9l 33 + 3 88 52 82 81 &#x6a;&#101;a&#x6e;&#x2d;&#109;i&#x63;&#x68;&#101;l&#x2e;&#115;t&#x61;&#x65;&#114;l&#x65;&#x40;&#97;d&#x69;&#114;&#97;&#x2e;&#x63;&#111;m &nbsp; Wirtschaftsf\u00f6rderung Stadt Karlsruhe Ralf Eichhorn Z\u00e4hringerstr. 65 a D &#8211; 76133 Karlsruhe Tel 49 + 721 133 7340 &#x72;&#x61;&#108;f&#x2e;&#x65;&#105;&#99;h&#x68;&#x6f;&#114;&#110;&#64;&#x77;&#x69;&#102;oe&#x2e;&#x6b;&#97;r&#x6c;&#x73;&#114;&#117;h&#x65;&#x2e;&#100;&#101; &nbsp; Stadt Landau Wirtschaftsf\u00f6rderung Marc Siener Stadtverwaltung Landau in der Pfalz Marktstra\u00dfe 50 [&hellip;]<\/p>\n","protected":false},"author":1,"featured_media":0,"parent":0,"menu_order":0,"comment_status":"open","ping_status":"open","template":"","meta":{"_exactmetrics_skip_tracking":false,"_exactmetrics_sitenote_active":false,"_exactmetrics_sitenote_note":"","_exactmetrics_sitenote_category":0,"footnotes":""},"class_list":["post-86","page","type-page","status-publish","hentry"],"yoast_head":"<!-- This site is optimized with the Yoast SEO plugin v23.5 - https:\/\/yoast.com\/wordpress\/plugins\/seo\/ -->\n<title>Kontakt - PAMINA Business Club<\/title>\n<meta name=\"robots\" content=\"index, follow, max-snippet:-1, max-image-preview:large, max-video-preview:-1\" \/>\n<link rel=\"canonical\" href=\"https:\/\/www.pamina-business.com\/de\/kontakt\/\" \/>\n<meta property=\"og:locale\" content=\"de_DE\" \/>\n<meta property=\"og:type\" content=\"article\" \/>\n<meta property=\"og:title\" content=\"Kontakt - PAMINA Business Club\" \/>\n<meta property=\"og:description\" content=\"&nbsp; ADIRA Jean-Michel Staerle 3, quai Kl\u00e9ber Immeuble&#8220;Le S\u00e9bastopol&#8220; F &#8211; 67000 Strasbourg T\u00e9l 33 + 3 88 52 82 81 &#106;e&#x61;n&#x2d;&#109;&#x69;&#099;&#x68;&#101;l&#x2e;s&#x74;&#097;&#x65;&#114;&#x6c;&#101;&#x40;&#097;d&#x69;r&#x61;&#046;&#x63;&#111;&#x6d; &nbsp; Wirtschaftsf\u00f6rderung Stadt Karlsruhe Ralf Eichhorn Z\u00e4hringerstr. 65 a D &#8211; 76133 Karlsruhe Tel 49 + 721 133 7340 &#x72;&#x61;&#108;f&#x2e;&#x65;&#x69;&#099;h&#x68;&#x6f;&#x72;&#110;&#064;&#x77;&#x69;&#x66;&#111;e&#x2e;&#x6b;&#x61;&#114;l&#x73;&#x72;&#x75;&#104;e&#x2e;&#x64;&#x65; &nbsp; Stadt Landau Wirtschaftsf\u00f6rderung Marc Siener Stadtverwaltung Landau in der Pfalz Marktstra\u00dfe 50 [&hellip;]\" \/>\n<meta property=\"og:url\" content=\"https:\/\/www.pamina-business.com\/de\/kontakt\/\" \/>\n<meta property=\"og:site_name\" content=\"PAMINA Business Club\" \/>\n<meta property=\"article:modified_time\" content=\"2025-03-26T16:46:03+00:00\" \/>\n<meta name=\"twitter:card\" content=\"summary_large_image\" \/>\n<meta name=\"twitter:label1\" content=\"Gesch\u00e4tzte Lesezeit\" \/>\n\t<meta name=\"twitter:data1\" content=\"1\u00a0Minute\" \/>\n<script type=\"application\/ld+json\" class=\"yoast-schema-graph\">{\"@context\":\"https:\/\/schema.org\",\"@graph\":[{\"@type\":\"WebPage\",\"@id\":\"https:\/\/www.pamina-business.com\/de\/kontakt\/\",\"url\":\"https:\/\/www.pamina-business.com\/de\/kontakt\/\",\"name\":\"Kontakt - PAMINA Business Club\",\"isPartOf\":{\"@id\":\"http:\/\/www.pamina-business.com\/de\/#website\"},\"datePublished\":\"2019-12-03T15:24:04+00:00\",\"dateModified\":\"2025-03-26T16:46:03+00:00\",\"breadcrumb\":{\"@id\":\"https:\/\/www.pamina-business.com\/de\/kontakt\/#breadcrumb\"},\"inLanguage\":\"de\",\"potentialAction\":[{\"@type\":\"ReadAction\",\"target\":[\"https:\/\/www.pamina-business.com\/de\/kontakt\/\"]}]},{\"@type\":\"BreadcrumbList\",\"@id\":\"https:\/\/www.pamina-business.com\/de\/kontakt\/#breadcrumb\",\"itemListElement\":[{\"@type\":\"ListItem\",\"position\":1,\"name\":\"Accueil\",\"item\":\"http:\/\/www.pamina-business.com\/de\/\"},{\"@type\":\"ListItem\",\"position\":2,\"name\":\"Kontakt\"}]},{\"@type\":\"WebSite\",\"@id\":\"http:\/\/www.pamina-business.com\/de\/#website\",\"url\":\"http:\/\/www.pamina-business.com\/de\/\",\"name\":\"PAMINA Business Club\",\"description\":\"Un site utilisant WordPress\",\"potentialAction\":[{\"@type\":\"SearchAction\",\"target\":{\"@type\":\"EntryPoint\",\"urlTemplate\":\"http:\/\/www.pamina-business.com\/de\/?s={search_term_string}\"},\"query-input\":{\"@type\":\"PropertyValueSpecification\",\"valueRequired\":true,\"valueName\":\"search_term_string\"}}],\"inLanguage\":\"de\"}]}<\/script>\n<!-- \/ Yoast SEO plugin. -->","yoast_head_json":{"title":"Kontakt - PAMINA Business Club","robots":{"index":"index","follow":"follow","max-snippet":"max-snippet:-1","max-image-preview":"max-image-preview:large","max-video-preview":"max-video-preview:-1"},"canonical":"https:\/\/www.pamina-business.com\/de\/kontakt\/","og_locale":"de_DE","og_type":"article","og_title":"Kontakt - PAMINA Business Club","og_description":"&nbsp; ADIRA Jean-Michel Staerle 3, quai Kl\u00e9ber Immeuble&#8220;Le S\u00e9bastopol&#8220; F &#8211; 67000 Strasbourg T\u00e9l 33 + 3 88 52 82 81 &#106;e&#x61;n&#x2d;&#109;&#x69;&#99;&#x68;&#101;l&#x2e;s&#x74;&#97;&#x65;&#114;&#x6c;&#101;&#x40;&#97;d&#x69;r&#x61;&#46;&#x63;&#111;&#x6d; &nbsp; Wirtschaftsf\u00f6rderung Stadt Karlsruhe Ralf Eichhorn Z\u00e4hringerstr. 65 a D &#8211; 76133 Karlsruhe Tel 49 + 721 133 7340 &#x72;&#x61;&#108;f&#x2e;&#x65;&#x69;&#99;h&#x68;&#x6f;&#x72;&#110;&#64;&#x77;&#x69;&#x66;&#111;e&#x2e;&#x6b;&#x61;&#114;l&#x73;&#x72;&#x75;&#104;e&#x2e;&#x64;&#x65; &nbsp; Stadt Landau Wirtschaftsf\u00f6rderung Marc Siener Stadtverwaltung Landau in der Pfalz Marktstra\u00dfe 50 [&hellip;]","og_url":"https:\/\/www.pamina-business.com\/de\/kontakt\/","og_site_name":"PAMINA Business Club","article_modified_time":"2025-03-26T16:46:03+00:00","twitter_card":"summary_large_image","twitter_misc":{"Gesch\u00e4tzte Lesezeit":"1\u00a0Minute"},"schema":{"@context":"https:\/\/schema.org","@graph":[{"@type":"WebPage","@id":"https:\/\/www.pamina-business.com\/de\/kontakt\/","url":"https:\/\/www.pamina-business.com\/de\/kontakt\/","name":"Kontakt - PAMINA Business Club","isPartOf":{"@id":"http:\/\/www.pamina-business.com\/de\/#website"},"datePublished":"2019-12-03T15:24:04+00:00","dateModified":"2025-03-26T16:46:03+00:00","breadcrumb":{"@id":"https:\/\/www.pamina-business.com\/de\/kontakt\/#breadcrumb"},"inLanguage":"de","potentialAction":[{"@type":"ReadAction","target":["https:\/\/www.pamina-business.com\/de\/kontakt\/"]}]},{"@type":"BreadcrumbList","@id":"https:\/\/www.pamina-business.com\/de\/kontakt\/#breadcrumb","itemListElement":[{"@type":"ListItem","position":1,"name":"Accueil","item":"http:\/\/www.pamina-business.com\/de\/"},{"@type":"ListItem","position":2,"name":"Kontakt"}]},{"@type":"WebSite","@id":"http:\/\/www.pamina-business.com\/de\/#website","url":"http:\/\/www.pamina-business.com\/de\/","name":"PAMINA Business Club","description":"Un site utilisant WordPress","potentialAction":[{"@type":"SearchAction","target":{"@type":"EntryPoint","urlTemplate":"http:\/\/www.pamina-business.com\/de\/?s={search_term_string}"},"query-input":{"@type":"PropertyValueSpecification","valueRequired":true,"valueName":"search_term_string"}}],"inLanguage":"de"}]}},"_links":{"self":[{"href":"https:\/\/www.pamina-business.com\/de\/wp-json\/wp\/v2\/pages\/86","targetHints":{"allow":["GET"]}}],"collection":[{"href":"https:\/\/www.pamina-business.com\/de\/wp-json\/wp\/v2\/pages"}],"about":[{"href":"https:\/\/www.pamina-business.com\/de\/wp-json\/wp\/v2\/types\/page"}],"author":[{"embeddable":true,"href":"https:\/\/www.pamina-business.com\/de\/wp-json\/wp\/v2\/users\/1"}],"replies":[{"embeddable":true,"href":"https:\/\/www.pamina-business.com\/de\/wp-json\/wp\/v2\/comments?post=86"}],"version-history":[{"count":5,"href":"https:\/\/www.pamina-business.com\/de\/wp-json\/wp\/v2\/pages\/86\/revisions"}],"predecessor-version":[{"id":5110,"href":"https:\/\/www.pamina-business.com\/de\/wp-json\/wp\/v2\/pages\/86\/revisions\/5110"}],"wp:attachment":[{"href":"https:\/\/www.pamina-business.com\/de\/wp-json\/wp\/v2\/media?parent=86"}],"curies":[{"name":"wp","href":"https:\/\/api.w.org\/{rel}","templated":true}]}}

<p>&nbsp;</p>
<p><a title="adira" href="http://www.adira.com" target="_blank" rel="noopener noreferrer">ADIRA</a></p>
<p><strong>Jean-Michel Staerle</strong></p>
<p>3, quai Kléber Immeuble&#8220;Le Sébastopol&#8220;</p>
<p>F &#8211; 67000 Strasbourg</p>
<p>Tél 33 + 3 88 52 82 81</p>
<p><a href="ma&#105;&#108;&#116;&#x6f;&#x3a;&#x6a;&#x65;&#x61;n-&#109;&#105;&#99;&#x68;&#x65;&#x6c;&#x2e;&#x73;ta&#101;&#114;&#108;&#x65;&#x40;&#x61;&#x64;&#x69;ra&#46;&#99;&#111;&#x6d;" target="_blank" rel="noopener noreferrer">&#x6a;&#101;a&#x6e;&#45;m&#x69;&#x63;&#104;&#x65;&#x6c;&#46;s&#x74;&#97;e&#x72;&#x6c;&#101;&#x40;&#x61;&#100;i&#x72;&#97;&#46;&#x63;&#x6f;&#109;</a></p>
<p>&nbsp;</p>
<p><a title="Wirtschaftsförderung Stadt Karlsruhe" href="http://www.karlsruhe.de" target="_blank" rel="noopener noreferrer">Wirtschaftsförderung Stadt Karlsruhe</a></p>
<p><strong>Ralf Eichhorn</strong></p>
<p>Zähringerstr. 65 a</p>
<p>D &#8211; 76133 Karlsruhe</p>
<p>Tel 49 + 721 133 7340</p>
<p><a href="ma&#105;&#108;&#x74;&#x6f;&#x3a;&#x72;al&#102;&#46;&#x65;&#x69;&#x63;&#x68;ho&#114;&#110;&#64;&#x77;&#x69;&#x66;&#x6f;e&#46;&#107;&#97;&#x72;&#x6c;&#x73;&#x72;uh&#101;&#46;&#x64;&#x65;" target="_blank" rel="noopener noreferrer">&#114;&#x61;l&#102;&#x2e;&#101;&#x69;c&#104;&#x68;o&#x72;&#x6e;&#64;&#x77;i&#102;&#x6f;e&#x2e;&#x6b;&#97;&#x72;l&#115;&#x72;&#117;&#x68;e&#46;&#x64;e</a></p>
<p>&nbsp;</p>
<p><a href="http://www.landau.de">Stadt Landau Wirtschaftsförderung</a></p>
<p><strong>Marc Siener</strong></p>
<p>Stadtverwaltung Landau in der Pfalz</p>
<p>Marktstraße 50</p>
<p>76829 Landau in der Pfalz</p>
<p>Tel.: (06341) 13-2404</p>
<p>Fax: (06341) 13 -882002</p>
<p><a href="&#109;&#x61;&#x69;l&#116;&#x6f;:&#109;&#x61;&#x72;c&#46;&#x73;i&#101;&#x6e;&#x65;r&#64;&#x6c;a&#110;&#x64;&#x61;&#117;&#46;&#x64;e">&#x6d;&#x61;&#114;c&#x2e;&#x73;&#x69;&#101;n&#x65;&#x72;&#x40;&#108;a&#x6e;&#x64;&#x61;&#117;&#46;&#x64;&#x65;</a></p>
<p><a href="http://www.landau.de/">http://www.landau.de</a></p>
<p>&nbsp;</p>

<p>&nbsp; ADIRA Jean-Michel Staerle 3, quai Kléber Immeuble&#8220;Le Sébastopol&#8220; F &#8211; 67000 Strasbourg Tél 33 + 3 88 52 82 81 &#x6a;&#101;a&#x6e;&#x2d;&#109;i&#x63;&#x68;&#101;l&#x2e;&#115;t&#x61;&#x65;&#114;l&#x65;&#x40;&#97;d&#x69;&#114;&#97;&#x2e;&#x63;&#111;m &nbsp; Wirtschaftsförderung Stadt Karlsruhe Ralf Eichhorn Zähringerstr. 65 a D &#8211; 76133 Karlsruhe Tel 49 + 721 133 7340 &#x72;&#x61;&#108;f&#x2e;&#x65;&#105;&#99;h&#x68;&#x6f;&#114;&#110;&#64;&#x77;&#x69;&#102;oe&#x2e;&#x6b;&#97;r&#x6c;&#x73;&#114;&#117;h&#x65;&#x2e;&#100;&#101; &nbsp; Stadt Landau Wirtschaftsförderung Marc Siener Stadtverwaltung Landau in der Pfalz Marktstraße 50 [&hellip;]</p>

<!-- This site is optimized with the Yoast SEO plugin v23.5 - https://yoast.com/wordpress/plugins/seo/ -->
<title>Kontakt - PAMINA Business Club</title>
<meta name="robots" content="index, follow, max-snippet:-1, max-image-preview:large, max-video-preview:-1" />
<link rel="canonical" href="https://www.pamina-business.com/de/kontakt/" />
<meta property="og:locale" content="de_DE" />
<meta property="og:type" content="article" />
<meta property="og:title" content="Kontakt - PAMINA Business Club" />
<meta property="og:description" content="&nbsp; ADIRA Jean-Michel Staerle 3, quai Kléber Immeuble&#8220;Le Sébastopol&#8220; F &#8211; 67000 Strasbourg Tél 33 + 3 88 52 82 81 &#106;e&#x61;n&#x2d;&#109;&#x69;&#099;&#x68;&#101;l&#x2e;s&#x74;&#097;&#x65;&#114;&#x6c;&#101;&#x40;&#097;d&#x69;r&#x61;&#046;&#x63;&#111;&#x6d; &nbsp; Wirtschaftsförderung Stadt Karlsruhe Ralf Eichhorn Zähringerstr. 65 a D &#8211; 76133 Karlsruhe Tel 49 + 721 133 7340 &#x72;&#x61;&#108;f&#x2e;&#x65;&#x69;&#099;h&#x68;&#x6f;&#x72;&#110;&#064;&#x77;&#x69;&#x66;&#111;e&#x2e;&#x6b;&#x61;&#114;l&#x73;&#x72;&#x75;&#104;e&#x2e;&#x64;&#x65; &nbsp; Stadt Landau Wirtschaftsförderung Marc Siener Stadtverwaltung Landau in der Pfalz Marktstraße 50 [&hellip;]" />
<meta property="og:url" content="https://www.pamina-business.com/de/kontakt/" />
<meta property="og:site_name" content="PAMINA Business Club" />
<meta property="article:modified_time" content="2025-03-26T16:46:03+00:00" />
<meta name="twitter:card" content="summary_large_image" />
<meta name="twitter:label1" content="Geschätzte Lesezeit" />
	<meta name="twitter:data1" content="1 Minute" />
<script type="application/ld+json" class="yoast-schema-graph">{"@context":"https://schema.org","@graph":[{"@type":"WebPage","@id":"https://www.pamina-business.com/de/kontakt/","url":"https://www.pamina-business.com/de/kontakt/","name":"Kontakt - PAMINA Business Club","isPartOf":{"@id":"http://www.pamina-business.com/de/#website"},"datePublished":"2019-12-03T15:24:04+00:00","dateModified":"2025-03-26T16:46:03+00:00","breadcrumb":{"@id":"https://www.pamina-business.com/de/kontakt/#breadcrumb"},"inLanguage":"de","potentialAction":[{"@type":"ReadAction","target":["https://www.pamina-business.com/de/kontakt/"]}]},{"@type":"BreadcrumbList","@id":"https://www.pamina-business.com/de/kontakt/#breadcrumb","itemListElement":[{"@type":"ListItem","position":1,"name":"Accueil","item":"http://www.pamina-business.com/de/"},{"@type":"ListItem","position":2,"name":"Kontakt"}]},{"@type":"WebSite","@id":"http://www.pamina-business.com/de/#website","url":"http://www.pamina-business.com/de/","name":"PAMINA Business Club","description":"Un site utilisant WordPress","potentialAction":[{"@type":"SearchAction","target":{"@type":"EntryPoint","urlTemplate":"http://www.pamina-business.com/de/?s={search_term_string}"},"query-input":{"@type":"PropertyValueSpecification","valueRequired":true,"valueName":"search_term_string"}}],"inLanguage":"de"}]}</script>
<!-- / Yoast SEO plugin. -->

&nbsp; ADIRA Jean-Michel Staerle 3, quai Kléber Immeuble&#8220;Le Sébastopol&#8220; F &#8211; 67000 Strasbourg Tél 33 + 3 88 52 82 81 &#106;e&#x61;n&#x2d;&#109;&#x69;&#99;&#x68;&#101;l&#x2e;s&#x74;&#97;&#x65;&#114;&#x6c;&#101;&#x40;&#97;d&#x69;r&#x61;&#46;&#x63;&#111;&#x6d; &nbsp; Wirtschaftsförderung Stadt Karlsruhe Ralf Eichhorn Zähringerstr. 65 a D &#8211; 76133 Karlsruhe Tel 49 + 721 133 7340 &#x72;&#x61;&#108;f&#x2e;&#x65;&#x69;&#99;h&#x68;&#x6f;&#x72;&#110;&#64;&#x77;&#x69;&#x66;&#111;e&#x2e;&#x6b;&#x61;&#114;l&#x73;&#x72;&#x75;&#104;e&#x2e;&#x64;&#x65; &nbsp; Stadt Landau Wirtschaftsförderung Marc Siener Stadtverwaltung Landau in der Pfalz Marktstraße 50 [&hellip;]
